factors of 1595.
5, 11, 29
What are the prime factors of 39608?
2, 4951
List the prime factors of 2355.
3, 5, 157
List the prime factors of 573.
3, 191
What are the prime factors of 16044?
2, 3, 7, 191
List the prime factors of 9090.
2, 3, 5, 101
List the prime factors of 2223.
3, 13, 19
What are the prime factors of 871?
13, 67
What are the prime factors of 50321?
50321
What are the prime factors of 3522?
2, 3, 587
List the prime factors of 411.
3, 137
List the prime factors of 13736.
2, 17, 101
What are the prime factors of 25625?
5, 41
List the prime factors of 23487.
3, 7829
List the prime factors of 1054.
2, 17, 31
What are the prime factors of 936?
2, 3, 13
What are the prime factors of 1841?
7, 263
List the prime factors of 22669.
22669
List the prime factors of 1807.
13, 139
List the prime factors of 19309.
19309
What are the prime factors of 58438?
2, 61, 479
List the prime factors of 69.
3, 23
What are the prime factors of 158?
2, 79
List the prime factors of 23683.
11, 2153
List the prime factors of 4618.
2, 2309
What are the prime factors of 283?
283
What are the prime factors of 99565?
5, 19913
List the prime factors of 5382.
2, 3, 13, 23
List the prime factors of 6026.
2, 23, 131
List the prime factors of 3153.
3, 1051
List the prime factors of 57128.
2, 37, 193
List the prime factors of 1849.
43
List the prime factors of 744.
2, 3, 31
What are the prime factors of 347?
347
What are the prime factors of 1731?
3, 577
What are the prime factors of 103344?
2, 3, 2153
What are the prime factors of 72?
2, 3
What are the prime factors of 78260?
2, 5, 7, 13, 43
List the prime factors of 6049.
23, 263
List the prime factors of 187.
11, 17
What are the prime factors of 2535?
3, 5, 13
What are the prime factors of 4632?
2, 3, 193
What are the prime factors of 1218?
2, 3, 7, 29
What are the prime factors of 1919?
19, 101
List the prime factors of 4162.
2, 2081
List the prime factors of 157.
157
List the prime factors of 8000.
2, 5
List the prime factors of 9456.
2, 3, 197
What are the prime factors of 3459?
3, 1153
What are the prime factors of 5242?
2, 2621
List the prime factors of 3.
3
List the prime factors of 404.
2, 101
List the prime factors of 45122.
2, 7, 11, 293
What are the prime factors of 18603?
3, 13, 53
List the prime factors of 32699.
19, 1721
What are the prime factors of 583?
11, 53
What are the prime factors of 1424?
2, 89
List the prime factors of 26795.
5, 23, 233
What are the prime factors of 45773?
7, 13, 503
What are the prime factors of 1132?
2, 283
List the prime factors of 96.
2, 3
List the prime factors of 36322.
2, 11, 13, 127
List the prime factors of 19476.
2, 3, 541
List the prime factors of 7244.
2, 1811
What are the prime factors of 67955?
5, 13591
List the prime factors of 53824.
2, 29
What are the prime factors of 20589?
3, 6863
List the prime factors of 11823.
3, 7, 563
What are the prime factors of 2000?
2, 5
List the prime factors of 31176.
2, 3, 433
What are the prime factors of 76?
2, 19
List the prime factors of 2152.
2, 269
List the prime factors of 2624.
2, 41
List the prime factors of 428.
2, 107
What are the prime factors of 166?
2, 83
What are the prime factors of 10463?
10463
What are the prime factors of 831?
3, 277
List the prime factors of 17832.
2, 3, 743
What are the prime factors of 1518?
2, 3, 11, 23
What are the prime factors of 47451?
3, 15817
What are the prime factors of 1412?
2, 353
What are the prime factors of 543?
3, 181
What are the prime factors of 37827?
3, 467
What are the prime factors of 54?
2, 3
What are the prime factors of 3866?
2, 1933
List the prime factors of 818.
2, 409
List the prime factors of 79.
79
What are the prime factors of 1253?
7, 179
List the prime factors of 1575.
3, 5, 7
What are the prime factors of 119988?
2, 3, 11, 101
What are the prime factors of 4035?
3, 5, 269
List the prime factors of 1753.
1753
What are the prime factors of 45407?
17, 2671
What are the prime factors of 74955?
3, 5, 19, 263
List the prime factors of 46609.
127, 367
List the prime factors of 64201.
19, 31, 109
List the prime factors of 6260.
2, 5, 313
What are the prime factors of 26465?
5, 67, 79
What are the prime factors of 121829?
29, 4201
List the prime factors of 137.
137
List the prime factors of 2436.
2, 3, 7, 29
List the prime factors of 9510.
2, 3, 5, 317
What are the prime factors of 2588?
2, 647
What are the prime factors of 1358?
2, 7, 97
List the prime factors of 1988.
2, 7, 71
What are the prime factors of 32212?
2, 8053
List the prime factors of 989.
23, 43
What are the prime factors of 12497?
12497
List the prime factors of 1255.
5, 251
What are the prime factors of 3301?
3301
List the prime factors of 2087.
2087
List the prime factors of 52059.
3, 7, 37, 67
What are the prime factors of 132?
2, 3, 11
What are the prime factors of 238?
2, 7, 17
List the prime factors of 33150.
2, 3, 5, 13, 17
What are the prime factors of 8182?
2, 4091
List the prime factors of 658.
2, 7, 47
What are the prime factors of 64953?
3, 7, 1031
List the prime factors of 87297.
3, 7, 4157
List the prime factors of 20691.
3, 11, 19
What are the prime factors of 1411?
17, 83
What are the prime factors of 760?
2, 5, 19
List the prime factors of 5151.
3, 17, 101
List the prime factors of 358.
2, 179
List the prime factors of 165278.
2, 23, 3593
List the prime factors of 683.
683
What are the prime factors of 25646?
2, 12823
What are the prime factors of 71690?
2, 5, 67, 107
List the prime factors of 1653.
3, 19, 29
List the prime factors of 12751.
41, 311
List the prime factors of 32.
2
What are the prime factors of 4358?
2, 2179
List the prime factors of 1552.
2, 97
List the prime factors of 2794.
2, 11, 127
List the prime factors of 27168.
2, 3, 283
What are the prime factors of 9808?
2, 613
What are the prime factors of 5559?
3, 17, 109
List the prime factors of 23917.
23917
List the prime factors of 50813.
7, 17, 61
List the prime factors of 917.
7, 131
What are the prime factors of 43332?
2, 3, 23, 157
List the prime factors of 79238.
2, 39619
What are the prime factors of 132016?
2, 37, 223
What are the prime factors of 17156?
2, 4289
What are the prime factors of 12703?
12703
List the prime factors of 19762.
2, 41, 241
List the prime factors of 12416.
2, 97
What are the prime factors of 1384?
2, 173
List the prime factors of 576.
2, 3
List the prime factors of 1232.
2, 7, 11
What are the prime factors of 416?
2, 13
List the prime factors of 8289.
3, 307
What are the prime factors of 7759?
7759
What are the prime factors of 956?
2, 239
List the prime factors of 2275.
5, 7, 13
List the prime factors of 65840.
2, 5, 823
What are the prime factors of 5645?
5, 1129
List the prime factors of 1820.
2, 5, 7, 13
What are the prime factors of 1939?
7, 277
List the prime factors of 134209.
103, 1303
List the prime factors of 619.
619
What are the prime factors of 171?
3, 19
List the prime factors of 43246.
2, 7, 3089
What are the prime factors of 3964?
2, 991
List the prime factors of 6921.
3, 769
What are the prime factors of 82855?
5, 73, 227
What are the prime factors of 291?
3, 97
What are the prime factors of 1870?
2, 5, 11, 17
What are the prime factors of 46514?
2, 13, 1789
List the prime factors of 826.
2, 7, 59
List the prime factors of 1094.
2, 547
List the prime factors of 103.
103
List the prime factors of 1596.
2, 3, 7, 19
What are the prime factors of 12010?
2, 5, 1201
What are the prime factors of 1077?
3, 359
What are the prime factors of 2340?
2, 3, 5, 13
What are the prime factors of 672?
2, 3, 7
What are the prime factors of 3104?
2, 97
What are the prime factors of 2251?
2251
What are the prime factors of 766?
2, 383
What are the prime factors of 84?
2, 3, 7
List the prime factors of 904.
2, 113
List the prime factors of 6929.
13, 41
What are the prime factors of 17936?
2, 19, 59
List the prime factors of 370.
2, 5, 37
List the prime factors of 24093.
3, 2677
What are the prime factors of 4375?
5, 7
What are the prime factors of 6141?
3, 23, 89
What are the prime factors of 6194?
2, 19, 163
List the prime factors of 1155.
3, 5, 7, 11
What are the prime factors of 7390?
2, 5, 739
What are the prime factors of 14719?
41, 359
What are the prime factors of 50256?
2, 3, 349
